rs of 2491329.
3, 47, 17669
List the prime factors of 533462404.
2, 133365601
What are the prime factors of 409739545?
5, 81947909
List the prime factors of 34372470.
2, 3, 5, 11, 17, 557
List the prime factors of 4511281084.
2, 823, 1370377
What are the prime factors of 60571940?
2, 5, 11, 13, 21179
List the prime factors of 268015522.
2, 31, 109, 39659
What are the prime factors of 1389294424?
2, 7, 3121, 7949
What are the prime factors of 5208099419?
61, 89, 947, 1013
What are the prime factors of 11671410?
2, 3, 5, 389047
List the prime factors of 3901345618.
2, 59, 107, 193, 1601
What are the prime factors of 5535035?
5, 11, 157, 641
What are the prime factors of 450505093?
467, 964679
List the prime factors of 249109816.
2, 1499, 20773
List the prime factors of 26974048.
2, 842939
What are the prime factors of 2446077466?
2, 7, 41, 449, 9491
What are the prime factors of 695150735?
5, 23, 29, 208441
List the prime factors of 3895258514.
2, 7, 19, 151, 96979
List the prime factors of 41357051.
41357051
What are the prime factors of 20680793?
7, 422057
List the prime factors of 77242544.
2, 29, 166471
What are the prime factors of 2051548070?
2, 5, 11, 13, 31, 46279
List the prime factors of 552761632.
2, 17273801
List the prime factors of 95047170.
2, 3, 5, 17, 227, 821
What are the prime factors of 1359328339?
29, 967, 48473
What are the prime factors of 3268415543?
6197, 527419
List the prime factors of 171538174.
2, 73, 1174919
What are the prime factors of 49088213?
29, 1692697
What are the prime factors of 1438160556?
2, 3, 7, 31, 79, 6991
List the prime factors of 287148699.
3, 10635137
What are the prime factors of 127608690?
2, 3, 5, 11, 386693
What are the prime factors of 456156920?
2, 5, 17, 419, 1601
List the prime factors of 899208591.
3, 17, 17631541
What are the prime factors of 19783222?
2, 223, 44357
What are the prime factors of 1599094828?
2, 399773707
List the prime factors of 4891184327.
37, 1621, 81551
What are the prime factors of 198276831?
3, 17, 76231
List the prime factors of 3130263583.
12503, 250361
List the prime factors of 636387896.
2, 41, 47, 41281
List the prime factors of 3413126142.
2, 3, 17, 19, 587053
What are the prime factors of 1510198482?
2, 3, 13, 1033, 18743
List the prime factors of 1894266293.
17, 1123, 99223
What are the prime factors of 1838689891?
1838689891
List the prime factors of 1007687497.
277, 421, 8641
List the prime factors of 113963504.
2, 29, 79, 3109
List the prime factors of 324315074.
2, 107, 127, 11933
List the prime factors of 7756369814.
2, 577, 1039, 6469
List the prime factors of 50984744.
2, 23, 401, 691
What are the prime factors of 21310210?
2, 5, 19, 59, 1901
What are the prime factors of 261555175?
5, 7, 79, 18919
List the prime factors of 1636573854.
2, 3, 19, 14355911
What are the prime factors of 4948821162?
2, 3, 274934509
What are the prime factors of 336788031?
3, 131, 389, 2203
What are the prime factors of 721057779?
3, 13, 6162887
What are the prime factors of 877221249?
3, 292407083
What are the prime factors of 529530807?
3, 13, 17, 29, 27541
What are the prime factors of 124798632?
2, 3, 7, 17, 37, 1181
What are the prime factors of 8219664?
2, 3, 53, 359
List the prime factors of 76004190.
2, 3, 5, 23, 12239
What are the prime factors of 742576615?
5, 11, 13501393
What are the prime factors of 850418998?
2, 11, 13, 43, 69151
What are the prime factors of 92348244?
2, 3, 67, 38287
What are the prime factors of 2682140?
2, 5, 59, 2273
List the prime factors of 903436055.
5, 1789, 100999
List the prime factors of 783320872.
2, 97915109
List the prime factors of 156646538.
2, 78323269
List the prime factors of 1075251848.
2, 11, 2459, 4969
List the prime factors of 3516954030.
2, 3, 5, 31, 563, 2239
List the prime factors of 147293919.
3, 277, 59083
List the prime factors of 361528431.
3, 11, 389, 28163
What are the prime factors of 5032657514?
2, 313, 499, 16111
List the prime factors of 66300745.
5, 7, 1894307
What are the prime factors of 2736298780?
2, 5, 1783, 76733
What are the prime factors of 46462652?
2, 11615663
What are the prime factors of 84387845?
5, 2087, 8087
List the prime factors of 826988957.
103, 8029019
What are the prime factors of 4238157078?
2, 3, 443, 531497
List the prime factors of 1399508180.
2, 5, 7, 9996487
What are the prime factors of 7674647686?
2, 10709, 358327
What are the prime factors of 34584062?
2, 17292031
What are the prime factors of 838762634?
2, 1489, 281653
List the prime factors of 112842283.
487, 231709
List the prime factors of 38047776.
2, 3, 13, 43, 709
What are the prime factors of 9176260?
2, 5, 17, 137, 197
What are the prime factors of 392607537?
3, 7, 17, 1099741
What are the prime factors of 314747835?
3, 5, 20983189
List the prime factors of 2865366766.
2, 31, 46215593
List the prime factors of 1284482787.
3, 7, 17, 37, 47, 2069
List the prime factors of 68010968.
2, 97, 87643
What are the prime factors of 8879116105?
5, 20333, 87337
List the prime factors of 209935205.
5, 29, 773, 1873
List the prime factors of 2531020606.
2, 31, 40822913
What are the prime factors of 283844645?
5, 7, 83, 199, 491
What are the prime factors of 172430552?
2, 7, 257, 11981
What are the prime factors of 26973303?
3, 7, 1284443
List the prime factors of 43476108.
2, 3, 13, 229, 1217
List the prime factors of 7119501911.
2381, 2990131
List the prime factors of 319476097.
1049, 304553
What are the prime factors of 230566153?
29, 61, 130337
What are the prime factors of 454291926?
2, 3, 11, 199, 34589
What are the prime factors of 6786527624?
2, 41, 233, 88801
What are the prime factors of 21071799?
3, 7, 111491
What are the prime factors of 1691562433?
11, 71, 2165893
What are the prime factors of 3775483757?
787, 4797311
List the prime factors of 111785405.
5, 23, 972047
List the prime factors of 50398697.
19, 101, 26263
What are the prime factors of 329794230?
2, 3, 5, 10993141
What are the prime factors of 149112294?
2, 3, 31, 37, 47, 461
List the prime factors of 8748133142.
2, 7, 16427, 38039
List the prime factors of 264704490.
2, 3, 5, 569, 1723
List the prime factors of 12023437.
17, 707261
What are the prime factors of 5291757326?
2, 1201, 2203063
What are the prime factors of 834357390?
2, 3, 5, 61, 455933
What are the prime factors of 158819528?
2, 7, 1117, 2539
What are the prime factors of 110346354?
2, 3, 17, 71, 1693
List the prime factors of 44545721.
11, 41, 43, 2297
What are the prime factors of 30654656?
2, 461, 1039
List the prime factors of 1201085972.
2, 17, 89, 198461
What are the prime factors of 64747952?
2, 29, 47, 2969
What are the prime factors of 184507060?
2, 5, 9225353
What are the prime factors of 4225681585?
5, 17, 1153, 43117
What are the prime factors of 22170995?
5, 7, 11, 57587
List the prime factors of 116407453.
116407453
What are the prime factors of 5786465288?
2, 401, 1803761
What are the prime factors of 5758545909?
3, 1919515303
List the prime factors of 64246684.
2, 16061671
What are the prime factors of 3878323048?
2, 13831, 35051
What are the prime factors of 6229011470?
2, 5, 11, 4363, 12979
What are the prime factors of 46320070?
2, 5, 17, 79, 3449
List the prime factors of 52494905.
5, 10498981
What are the prime factors of 84173833?
43, 109, 17959
List the prime factors of 155484493.
1427, 108959
List the prime factors of 223515614.
2, 7, 139, 114859
List the prime factors of 854944376.
2, 11, 13, 67939
What are the prime factors of 70029772?
2, 17507443
What are the prime factors of 249041045?
5, 11, 4528019
What are the prime factors of 1621463821?
23, 53, 151, 383
List the prime factors of 352644942.
2, 3, 13, 1327, 3407
List the prime factors of 1919997963.
3, 13, 131, 125269
What are the prime factors of 89091047?
89, 1001023
List the prime factors of 723059176.
2, 7, 67, 103, 1871
List the prime factors of 1532413089.
3, 41, 137, 30313
List the prime factors of 323475133.
17, 19, 52709
List the prime factors of 56287529.
47, 83, 307
What are the prime factors of 35114850?
2, 3, 5, 19, 37
What are the prime factors of 132175454?
2, 1171, 56437
List the prime factors of 1276781915.
5, 113, 2259791
List the prime factors of 54184063.
31, 56383
What are the prime fac